7?
5
What is 11 - (13 - (0 - 1))?
-3
Evaluate 7 + -3 + -4 + (33 - 38).
-5
Calculate (1 - 5) + 14 - (-7 + 12).
5
What is the value of (5 - 4 - 1) + -4?
-4
Evaluate (1 - -4 - -2 - 3) + -11.
-7
Calculate -1 + 4 - (10 + 1 + -7).
-1
(3 - (5 - 2)) + -4
-4
(1 - 5) + 11 + -4 - 2
1
Calculate (-4 - -3) + 3 + -5 + 0.
-3
What is the value of -8 + -4 - (-8 - -12 - 9)?
-7
Evaluate (9 - 9) + (3 - 1) + -3.
-1
-9 - -11 - 5 - (-5 + 0)
2
Calculate (-9 - -5) + 5 + -2.
-1
-2 + (-3 + 3 - 4)
-6
What is 0 + (-13 - -15) + 5?
7
What is the value of -3 - (-11 - -2) - 7?
-1
What is 4 + -3 + 1 - (-1 - -7)?
-4
What is the value of (-73 - -70) + 3 + (1 - 2)?
-1
Evaluate -5 + (12 + -1 + -1 - 0).
5
Calculate (-11 + 9 - -7) + -7.
-2
Calculate (-1 + 3 - 7) + -4 + 0.
-9
16 + -16 - (4 + 0)
-4
37 - 57 - (-3 + -9)
-8
Evaluate -1 + (5 + 1 - 6).
-1
What is the value of (-2 - -10) + -17 + 4?
-5
What is (2 - -5) + -48 + 37?
-4
What is the value of -2 + (1 - 2 - -3) - 5?
-5
3 - (6 + -5) - 7
-5
What is -4 + 11 - 4 - 2 - 5?
-4
0 - -2 - (1 - (2 - 3))
0
What is -1 - -7 - 12 - -12?
6
What is (3 + -3 + 3 - 0) + -1?
2
Evaluate -2 + -7 - (5 + -10).
-4
4 + -7 - (13 - 10)
-6
(3 - (-9 + 5)) + -4
3
Evaluate -2 + (7 + -7 - -5).
3
What is -4 + (4 - 7) - -2?
-5
Calculate (0 - 6) + 8 + 0.
2
Evaluate 1 + -7 + (4 - (-17 - -8)).
7
What is the value of (-4 - -4 - -2) + 1 + -1?
2
What is 7 - (1 - (-10 + 2 + 4))?
2
Calculate -3 + -3 + (1 - 3 - -3).
-5
(-4 - -1) + (-1 - -1) - -5
2
Evaluate -9 + 8 + -3 + (2 - 2).
-4
What is the value of -5 + 20 + -9 + -6?
0
Evaluate 0 + 2 - (2 - (5 + -4)).
1
Calculate 2 + -7 - (3 + -2) - -13.
7
Evaluate (21 - 15) + (5 - 3 - 0).
8
What is the value of (-4 - -10) + -2 + -6?
-2
Calculate 10 + -19 + 12 + -4.
-1
Evaluate -7 - (-15 + 2 + (26 - 21)).
1
What is 1 - -6 - (-3 + (1 - -2))?
7
Calculate (0 + -3 - (5 - 10)) + -4.
-2
(0 - 8) + (1 - -2) - 1
-6
Evaluate -1 + (-2 - (1 - (2 + -2))).
-4
Evaluate 6 + 0 - (2 + -13 + 24).
-7
What is (11 + -4 - (-1 + 0)) + -3?
5
Calculate 8 - (7 + -8 + 5).
4
What is the value of (0 - (2 + 0)) + -4 + 3?
-3
Calculate (6 - 1) + (3 - 0).
8
-7 + -1 + 3 + 1
-4
Calculate (-2 - (-4 + 7 - -1)) + 6.
0
Calculate 0 + (3 - 0) - (36 - 28).
-5
Evaluate 10 - (-2 + 8 + 3).
1
What is the value of 5 - (4 - 4 - (-1 - 0))?
4
What is -7 - -1 - (-5 + 3)?
-4
Evaluate 0 - ((-8 - -8) + 1 + 4).
-5
6 + 0 + -9 + -1 + 6
2
(-2 - (3 + -5)) + -2
-2
Evaluate -2 + 1 + (-2 - -4).
1
Evaluate (-8 - (1 - 0)) + -59 + 61.
-7
4 + (15 + -15 - (3 + -1))
2
-11 - (-15 - -8) - -1
-3
What is the value of (0 - 3) + 2 + 0?
-1
Calculate -4 + (4 - 2) + 4 + -5.
-3
What is the value of (0 - 1 - -3) + 18 + -21?
-1
What is 10 - 11 - (2 - -3)?
-6
Evaluate 8 - 1 - (-19 - -21).
5
0 + -1 + 3 - (25 - 27)
4
What is the value of (10 - 2) + 1 + -5?
4
(5 - 1) + -5 - -7 - -2
8
Calculate 7 + (0 - (4 - 0)).
3
-14 + 2 + 6 - 0
-6
Calculate 7 + 6 + -27 + 13.
-1
What is 4 - (0 + 4 + -2)?
2
(0 - 0) + (0 - (0 + -2))
2
What is -2 + (3 - -2) + -2?
1
What is the value of 1 - 1 - (-15 - -18)?
-3
Evaluate 0 + -3 + (5 - 0) + -2.
0
(-10 - -2) + (20 - 19)
-7
What is the value of 0 + (-7 - -14) + -1?
6
What is (-1 - 3) + 5 + 2 + 0?
3
What is the value of 5 + (-4 - (7 + -2))?
-4
Evaluate 2 - 7 - (-5 + 5).
-5
What is the value of -5 - (-2 - 1) - -5?
3
Calculate (20 - 11) + (-2 - 1).
6
-1 - (-3 - -4 - (3 - 7))
-6
-3 - (-9 + -1 - -4)
3
2 + 2 + -7 + 0
-3
Evaluate 5 - (-4 - (-8 - (-3 - -7))).
-3
What is 1 - (-3 - (0 + 1))?
5
Calculate -4 + -2 + (3 - -4).
1
What is the value of -5 - (4 + -8 + -4)?
3
Evaluate -8 + -2 + (-9 - -20).
1
Calculate -3 - (2 + -3 + -4).
2
Calculate 0 + -12 + (18 - 6) + -8.
-8
What is -1 + (1 - 0 - (21 + -18))?
-3
What is -5 - -12 - (8 + -6 - -7)?
-2
-6 + 11 + -5 - (-5 + -1)
6
Evaluate -1 + 1 - (-2 - (3 - 6)).
-1
What is 2 + -2 - (-1 - -6 - 6)?
1
What is the value of -6 + ((-4 - -6) + -2 - -4)?
-2
Evaluate 3 - (10 + 5 + -7).
-5
Evaluate -8 + 2 + 1 + 8.
3
What is -4 + (11 - (-1 + (0 - -4)))?
4
(-11 - -7) + -2 - -3 - -2
-1
7 - (-16 + 8 - -8)
7
What is 2 - 2 - (-2 + 0 + 6)?
-4
What is the value of 6 + (-1 + 2 - 3) - -1?
5
Calculate -2 - (-1 + 0 - 3).
2
Evaluate -4 - (-4 + 2 - 1).
-1
7 + -8 + 7 + -1 - 9
-4
What is the value of 1 - -6 - -4 - 9?
2
Evaluate -2 + (3 - 3 - -5).
3
What is the value of -1 + 4 + (3 + -3 - -6)?
9
What is (0 - -1) + (-9 - -3) + 3?
-2
Calculate (14 - (4 - -10)) + 6.
6
What is 3 + -6 + (11 - 4)?
4
What is the value of 0 - 2 - (-5 + 2 + -1)?
2
Calculate -2 + -3 + -2 + (3 - -1).
-3
Calculate (27 - 20) + -10 + -2.
-5
Evaluate -5 + -10 + 9 + (1 - -3).
-2
What is 10 - (0 + 2 + -3 + 7)?
4
What is (2 - -2) + -6 + 2?
0
What is the value of (1 - -12) + -175 + 155?
-7
Calculate 4 - -4 - (-1 + 5 - -1).
3
Evaluate (-4 - -6 - 5) + -2.
-5
Evaluate (15 - 8) + -10 - -8.
5
What is -4 + 16 + (0 - 6)?
6
Calculate (-2 - (-3 - -10)) + 4.
-5
What is the value of -28 + 40 - (4 + (1 - 1))?
8
What is the value of -4 + 5 + 1 - 7?
-5
Calculate (9 - (-11 - -25)) + -1.
-6
6 + (10 - 14) + -3
-1
What is (-4 - -2) + -8 + 9?
-1
Calculate -4 - (5 - (0 + 3)).
-6
What is the value of (6 - 4) + 3 - 3?
2
Calculate -5 - ((-3 - -5) + -6).
-1
What is -2 + (4 - 0) + -3 + 3?
2
Evaluate (4 - (5 + 2)) + -1.
-4
What is the value of -19 + 9 + 2 + 8?
0
Evaluate -4 + (-1 - ((-2 - -9) + -7)).
-5
(7 - 0) + 2 + 9 + -11
7
What is the value of (1 - 0) + (-11 - -4) + 3?
-3
What is -25 + 27 + 1 + -2 + -2?
-1
What is the value of (-7 - -8) + 11 + -7?
5
What is the value of -4 - 0 - (-2 - 2 - 5)?
5
Calculate -31 - -21 - (1 + -3).
-8
What is the value of -16 - -12 - (0 + 3)?
-7
(0 + 4 - 11) + (22 - 18)
-3
(-10 - -8) + 8 - 0
6
2 - ((10 - 7) + (-2 - -3))
-2
Evaluate 21 + -20 - (-2 - 1).
4
Calculate 0 + -3 + -1 + -3.
-7
What is -2 + -1 + -10 + 9?
-4
-7 - (-2 - (2 - (8 + -5)))
-6
Calculate 5 - (3 + -3 - -2) - -3.
6
What is the value of 9 - ((-1 - -12) + (-17 - -12))?
3
5 - (-3 + 8 + -4) - -4
8
What is -6 - (3 + (-6 - -6) - 5)?
-4
Calculate 2 + -1 - (-2 + -1).
4
What is the value of 4 + (4 - 11 - -6)?
3
9 - (-1 - 1 - (1 - 7))
5
Calculate 5 + 1 + 11 + 7 + -19.
5
What is the value of -4 - (-3 + 0 - (4 - 7))?
-4
-30 + 20 - (3 - (11 + -2))
-4
15 - 7 - (9 + 2)
-3
-13 + 3 + 5 - -13
8
What is 2 + (-1 - -9) + -126 + 123?
7
Evaluate 2 + 8 + -9 + -5.
-4
What is the value of (6 - (8 + -5)) + -7?
-4
What is 5 - 8 - -1 - 3?
-5
What is -14 - (-16 + 1 - -8)?
-7
What is the value of (-4 - -4 - -4) + (-2 - 2)?
0
3 + 3 - ((-10 - -5) + 3)
8
Evaluate 0 + 1 + (-5 - -1).
-3
Evaluate (9 - (2 + 4) - 0) + 1.
4
Calculate (-8 - (-9 + -2)) + 1 + 1.
5
What is (6 - 1) + (-12 - -2)?
-5
What is the value of -6 + 2 + (-2 - -9 - 2)?
1
What is (-14 - 2 - -18) + (1 - 1)?
2
Calculate (0 - (-2 - 0) - 0) + -1.
1
What is 5 - (1 + -5 + 10 - 0)?
-1
3 - -1 - (-2 + 0 - -7)
-1
Calculate -5 + (3 - 3) - (-3 + -6).
4
Calculate 3 - (1 - ((10 - 5) + -1)).
6
8 - (10 + 8 - 5)
-5
What is the value of -3 - (-3 + 4 + -1) - -3?
0
What is the value of (0 - 5) + (4 - 1)?
-2
Calculate (12 - 4) + -9 - -7.
6
What is 5 - (0 - (-4 - (5 - 7)))?
3
Evaluate 0 + 0 + (6 - (1 + 0)).
5
What is the value of 10 + -20 - (2 + -9)?
-3
Evaluate -7 + (0 - (-8 + 2)) + -8.
-9
What is 0 + 7 + 7 + -22?
-8
What is the value of (3 - 6 - -6) + 1?
4
-3 - 4 - (-2 - 0)
-5
Calculate -13 + 24 - (5 - -1).
5
What is the value of 10 + 2 + -10 + 7 + -1?
8
Evaluate 2 + 1 - 13 - -5.
-5
Calculate -13 - (-5 + (6 - 15)).
1
What is -4 + (4 - 0) - (0 + -1)?
1
(3 - -3 - -5) + 1 + -6
6
-3 - ((-5 - -8) + -8)
2
-3 + 9 + -3 + -4
-1
-14 + 18 + (0 - 1 - 2)
1
-8 - (1 - (-7 - -12))
-4
Calculate -11 + 1 + 1 + 6.
-3
-6 - (-1 - (7 - 0))
2
Calculate -8 + 6 + (2 - 5).
-5
What is -8 - (4 + 2 + -9)?
-5
Evaluate (-4 + 1 + 5 - 8) + 3.
-3
What is -4 + 9 + (2 - 0) + -6?
1
What is the value of (8 - (8 - -5)) + (1 - -5)?
1
What is the value of -3 - (-5 + -4) - 1?
5
Calculate 4 + (4 - 4) + (2 - 1).
5
What is (-18 - (2 - 6)) + 15?
1
Calculate (1 - 3) + 6 + -4 + -6.
-6
Evaluate 3 + 5 + -2 + -2 + 3.
7
What is -5 + 1 + 0 - (45 - 44)?
-5
(1 - 1) + -1 + -3 + -1
-5
-7 - 1 - (-4 - (-6 + 5))
-5
Calculate -10 - (2 + (-3 - (2 - -1))).
-6
What is -4 - 1 - (3 - 10) - 5?
-3
Evaluate 1 + 1 + -2 + 1 - 2.
-1
Evaluate -2 + (-5 - -1) + 2 - -6.
2
What is -4 - 1 - (55 - 66)?
6
What is -7 + 7 + -4 - (7 - 5)?
-6
What is -7 - (-4 + 0 + 2) - 0?
-5
-3 + (8 + -10 - -2)
-3
Calculate -3 + 0 - (3 - 1).
-5